 when 48 is divided by v.
10
Let w(d) = -d**3 + 22*d**2 - 21*d + 16. Calculate the remainder when 45 is divided by w(21).
13
What is the remainder when 34 is divided by (-41)/(-5) - 8/(-10)?
7
Suppose -120 + 8 = -4*v. Calculate the remainder when 193 is divided by v.
25
Let w(c) = 2*c**2 - 2*c + 52. What is the remainder when w(0) is divided by 20?
12
Suppose -4*k = -0*q + 5*q - 91, 0 = -2*k + 2*q + 50. Calculate the remainder when 89 is divided by k.
17
Suppose 46 = 5*i + 11. What is the remainder when 89 is divided by i?
5
Let p(l) = 5*l - 4. Let q be p(3). Suppose -2*k + 38 = 3*x, x + q = 3*k - 24. Calculate the remainder when k is divided by ((-1)/(2/(-14)))/1.
6
Let w = -157 + 244. Suppose 3*l - 21 = w. Suppose -3*m + 9 = -l. Calculate the remainder when 44 is divided by m.
14
Let c = 30 - 27. Calculate the remainder when 7 is divided by c.
1
Suppose 0 = -3*w + 15 - 6. What is the remainder when (7*w)/(6/8) is divided by 8?
4
Let h be (-2)/(-5)*(-7 + 2). Let i(k) = -8*k - 3. What is the remainder when i(h) is divided by (-4 + 0)*25/(-20)?
3
Let f = -60 - -83. What is the remainder when 136 is divided by f?
21
Suppose -p + 17 = m, m + 0*m + 4*p = 11. What is the remainder when 54 is divided by m?
16
Calculate the remainder when ((-8)/(-16))/((2/(-792))/(-1)) is divided by 40.
38
Let v = 23 - 18. Suppose -v*l + 35 = -2*f + 3, 2*f + 24 = 4*l. Suppose c = 13 + 8. Calculate the remainder when c is divided by l.
5
Let g = 15 - -7. What is the remainder when g is divided by 9?
4
Let l(w) = w**3 + 6*w**2 + 2*w - 1. Calculate the remainder when 20*(-2 + (-18)/(-5)) is divided by l(-2).
10
Let m(t) = -t**3 + 3*t**2 + 5*t. Let z(a) = -a**3 - 2*a**2 + a - 1. Let v be z(-3). Let j = v + 2. What is the remainder when j is divided by m(4)?
3
Let m be (-2)/3 - (-8)/(-6). Let w(x) = -x**2 + 9*x + 4. Calculate the remainder when 5 - (m + 2 - 1) is divided by w(9).
2
What is the remainder when 30 is divided by 1/(3/54) - 0?
12
What is the remainder when (618/12)/(1/2) is divided by 26?
25
Let c(i) = -3*i - 5. Suppose 2*j - 127 = -43. Calculate the remainder when j is divided by c(-9).
20
Suppose -5*k + 0*f - 160 = -5*f, k = -4*f - 22. What is the remainder when (-18)/k + 764/10 is divided by 13?
12
Suppose 2*c + 20 = -3*w, 5*c - 19 - 6 = 0. Let m(r) = r**3 + 9*r**2 - 13*r + 1. Let i be m(w). Let x = -20 + i. Calculate the remainder when 32 is divided by x.
10
What is the remainder when 272 is divided by (-2)/9 + 3976/72?
52
Suppose -4*g + 3*v + 540 = 0, 0*v - 2*v = 5*g - 652. Suppose o = -2*o + g. Let y(t) = -t**2 + t + 15. What is the remainder when o is divided by y(0)?
14
Suppose -4*v + f = -255, -v + 62 = 2*f - 4. Calculate the remainder when v is divided by 17.
13
Suppose -5*q - 4*i + 574 = -3*i, 2*q - 232 = 2*i. Suppose -4*x - x + q = 5*v, 2*x + 122 = 4*v. Calculate the remainder when 81 is divided by v.
25
Suppose 7 = -v + 39. Let a = 224 + -98. Calculate the remainder when a is divided by v.
30
Let c(h) = -h + 7. Suppose -58 = r - 82. What is the remainder when r is divided by c(-6)?
11
Let v(o) = 7*o - 15. Calculate the remainder when v(12) is divided by 5/15 - 106/(-6).
15
Let f(u) = -u**3 - 10*u**2 - 6*u - 7. Let s be f(-7). Calculate the remainder when (3/6)/((-2)/s) is divided by 15.
13
Let a(w) be the second derivative of 1/6*w**3 + 0 + w + 4*w**2 + 1/20*w**5 + 1/12*w**4. Calculate the remainder when 23 is divided by a(0).
7
Suppose 0 = 4*g + 15 - 39. Suppose -2*t + 60 = -4*t. Calculate the remainder when t/2*1/(-1) is divided by g.
3
Suppose 0 = 4*r, 2*r = 2*v - 5*v + 6. Suppose -4*q - 128 = -v*a, 4*q + 12 = 28. Calculate the remainder when a is divided by 19.
15
Suppose -4*p - p = -55. Calculate the remainder when 20 - 0/(-4) - 1 is divided by p.
8
Let a = -5 - -8. Suppose p = 10 + a. Let x = 7 + p. What is the remainder when x is divided by 11?
9
Suppose 9 - 4 = -5*n. Let f be (-7)/((n/(-2))/(-1)). Calculate the remainder when 4 is divided by ((-24)/(-42))/(4/f).
0
Suppose -2*u + 54 = -2*r, -2*u = -4*u - 4*r + 42. What is the remainder when (-3 - 2)*(-74)/5 is divided by u?
24
Let v = 27 + 83. Calculate the remainder when v is divided by 29.
23
Suppose -4*c + 292 = 5*m - 0*c, 0 = 5*c + 10. Calculate the remainder when m is divided by 21.
18
Let w be 3/(5/(-4) + 2). Let f be ((-4)/(-3))/(w/6). Suppose -2*l + 88 = f*l. Calculate the remainder when l is divided by 12.
10
Let v be (1/3)/(2/6). Suppose -7 = -g + 6*g + 4*s, -15 = 5*s. What is the remainder when (0 - g)/(v/(-37)) is divided by 13?
11
Let l(m) = -m**3 + 8*m**2 - 10*m - 7. Calculate the remainder when 69 is divided by l(5).
15
Let p = 5 - 8. What is the remainder when 66/2 - (-2 - p) is divided by 11?
10
Suppose 70 = 5*u + 2*k + 6, -4*k = 2*u - 32. Calculate the remainder when u is divided by 7.
5
Let l = 18 - 12. Suppose -j = -7*x + 2*x - 69, 3*x - l = 0. Calculate the remainder when j is divided by 20.
19
Let k(r) = -14*r + 3*r**2 + 6*r**2 - 10*r**3 + 11*r**3 - 10. Let n(j) = 9*j**3 - 2*j**2 + 1. Let q be n(-1). Calculate the remainder when k(q) is divided by 16.
14
Let n = -25 + 15. Suppose -3*w + 7*w + 20 = 0. Let v = w - n. What is the remainder when 19 is divided by v?
4
Suppose 4*p = -p + 55. Suppose -2*l = -3*v + 8, -4*v + 9 = 2*l - p. Suppose f - 4 = 3*f, v*f + 21 = y. Calculate the remainder when y is divided by 8.
5
Suppose 0*v - 2*v + 9 = c, -2*v = 5*c - 21. Suppose c*j = 8*j - 50. Calculate the remainder when 4/18 + (-160)/(-9) is divided by j.
8
Suppose 5*g - 108 = g. Suppose -2*s + 5 = -23. Calculate the remainder when g is divided by s.
13
Suppose -941 = -15*n + 289. Suppose m = -3*m + 560. Suppose -m = 2*q - 7*q. What is the remainder when n is divided by q?
26
Let z = 2 - 3. Let l(s) = 34*s**3 + 2*s**2 + 1. Let c(h) = -h**2. Let u(o) = -3*c(o) - l(o). What is the remainder when u(z) is divided by 18?
16
Suppose q + 36 = 4*q. Let t = -20 + 27. Calculate the remainder when q is divided by t.
5
Let v(x) = x + 2. What is the remainder when 7 is divided by v(3)?
2
What is the remainder when 1 - 3 - 1 - -184 is divided by 23?
20
Let q(a) = -a**3 - 12*a**2 + 6*a + 19. What is the remainder when q(-13) is divided by 28?
26
Suppose 5*y - 8 = 2*k + 20, 4*y + 4 = -5*k. Suppose 0*g - g = -y. What is the remainder when g is divided by 3?
1
What is the remainder when 97 is divided by 25 - 0*1/(-2)?
22
Suppose 0 = -2*h + 6 + 12. Let m be (-2)/(2 + (-6)/4). Let r(n) = -4*n. Calculate the remainder when r(m) is divided by h.
7
Suppose -6*r = 7*r - 208. Let w be 78/(-1) + 4/2. Let x = -46 - w. Calculate the remainder when x is divided by r.
14
Suppose h + q = 41, -6*q = 4*h - q - 169. Let m(r) = 9*r + 1. Calculate the remainder when h is divided by m(2).
17
Let f(r) = r**2 - 10*r + 11. Let t be f(9). Suppose -t*w = 2*b + 20, -2*w + 48 = -7*w - 3*b. Calculate the remainder when 6/w + (-78)/(-9) is divided by 3.
2
Let w(g) = g**3 - 3*g**2 + 5*g - 6. What is the remainder when w(4) is divided by ((-3)/2)/(9/(-66))?
8
Let g(i) be the first derivative of -i**4/4 - 8*i**3/3 - i**2 - 12*i + 4. Calculate the remainder when 11 is divided by g(-8).
3
Let z(r) = -r + 8. Calculate the remainder when 38 is divided by z(0).
6
Let v = -1 - 2. Let a = 7 + v. What is the remainder when a is divided by 4*1*(-2)/(-4)?
0
Suppose 3*a - 6 = 9. Suppose -a*k - 3*g = -164, -2*k - 5*g - 16 = -3*k. Calculate the remainder when k is divided by 11.
9
Suppose 5*s + 4 = -m, 2*m + 3*s - 4 - 9 = 0. What is the remainder when (-272)/(-9) + (-4)/18 is divided by m?
8
Suppose 0*s - 3*s = 6. Let d be (-3 + (-3)/s)*-10. Suppose 3*t = -3*q + 9, 3*t + q + d = 5*t. Calculate the remainder when t is divided by 4.
2
Suppose -5 - 196 = -3*g. Calculate the remainder when g is divided by 17.
16
Let w = -3 + 5. Suppose w*b - 81 - 65 = 0. Calculate the remainder when b is divided by 19.
16
Suppose 2*m - 4*m + 56 = 0. What is the remainder when m is divided by 10?
8
Let i(r) = -2*r - 7. Suppose -14 = 3*k + 4. Calculate the remainder when i(k) is divided by 3.
2
Calculate the remainder when 37 is divided by -1 + (-6 - (-26 - -3)).
5
Suppose -4 = -r - 12. Let q = r + 13. Suppose 0*d - q = -d. Calculate the remainder when d is divided by 3.
2
Let j(d) = 63*d**2 - d + 2. What is the remainder when j(1) is divided by 35?
29
Suppos